base 8
43101
Convert -2382578 (base 9) to base 4.
-10330001303
129a378 (base 15) to base 16
cc75f2
150321 (base 6) to base 9
21644
What is 102320003 (base 5) in base 11?
275a45
-22017053 (base 8) to base 9
-8803251
Convert 11c156b (base 14) to base 2.
100000100011000011001011
Convert -1660260 (base 8) to base 10.
-483504
What is 2302b (base 13) in base 11?
43995
8500cb (base 16) to base 12
2b04323
Convert 86d778 (base 14) to base 8.
21336176
What is -30a83 (base 13) in base 5?
-10244410
Convert -10024601 (base 7) to base 5.
-203030022
Convert -5461c5 (base 13) to base 14.
-399181
-1020253 (base 8) to base 2
-1000010000010101011
Convert 77693 (base 10) to base 4.
102331331
What is -ca66 (base 16) in base 15?
-10544
-15892 (base 10) to base 9
-23717
Convert -1102131130 (base 4) to base 2.
-1010010011101011100
809c75 (base 15) to base 12
20669b5
-92b6 (base 13) to base 3
-1000210101
Convert -134013352 (base 6) to base 12.
-aa7258
-14ab512 (base 12) to base 6
-230111222
What is -3473341 (base 9) in base 14?
-36ca41
What is -11a200 (base 16) in base 10?
-1155584
Convert -73662 (base 10) to base 3.
-10202001020
What is 2033a (base 13) in base 10?
57678
Convert -2560235 (base 9) to base 5.
-324211222
1102112012102 (base 3) to base 8
2711042
2225666 (base 7) to base 15
56a9b
-31a285 (base 11) to base 4
-1330313033
What is -122311203 (base 4) in base 5?
-12004143
Convert -27711 (base 13) to base 9.
-122076
211201200212002 (base 3) to base 5
11043020144
Convert 110011200001 (base 3) to base 9.
404601
-4dc281 (base 15) to base 13
-a0aa82
What is 5a95f2 (base 16) in base 7?
101313643
Convert -133320 (base 12) to base 16.
-4d508
Convert 1101001011001001000 (base 2) to base 14.
b346c
Convert -6da57 (base 15) to base 5.
-42144312
What is -110111011011010110 (base 2) in base 6?
-4511022
Convert 5440030 (base 7) to base 11.
414775
Convert 348c2 (base 13) to base 7.
546554
What is -1107737 (base 9) in base 5?
-123034234
Convert 111000111011001 (base 2) to base 15.
8980
-15127 (base 13) to base 10
-39748
-302332200 (base 4) to base 8
-627640
What is 11beb (base 15) in base 4?
31311320
What is 97a5 (base 13) in base 6?
241351
What is 268423 (base 11) in base 12?
183841
What is -22220101 (base 5) in base 15?
-3cbbb
What is -216a071 (base 13) in base 10?
-10218339
Convert 11001111100011 (base 2) to base 4.
3033203
-1110100011000100100 (base 2) to base 6
-14114552
What is 440017 (base 9) in base 5?
31344311
-48307 (base 15) to base 7
-1646041
What is 180b36b (base 12) in base 9?
10354402
What is 773313 (base 13) in base 2?
1010101101000101001100
Convert 11044002113 (base 5) to base 3.
211202102220011
-17761562 (base 8) to base 2
-1111111110001101110010
What is 21147 (base 9) in base 11?
a555
What is 2044404 (base 5) in base 12?
17a6a
-5d3247 (base 16) to base 5
-3030421334
-10a93aa (base 13) to base 9
-10582834
What is -223242133 (base 5) in base 15?
-14952d
-816175 (base 9) to base 11
-300274
332121313120 (base 4) to base 12
558ab34
Convert -54753 (base 15) to base 13.
-9515a
-60054502 (base 7) to base 6
-254111134
Convert -31036324 (base 9) to base 8.
-70666536
Convert -208792 (base 10) to base 16.
-32f98
What is -1111011212 (base 3) in base 8?
-71153
Convert -3215237 (base 9) to base 3.
-10020112021021
Convert 15232711 (base 10) to base 11.
866461a
What is -4323011 (base 6) in base 16?
-340cf
133324301 (base 5) to base 13
1abbb4
Convert 111110000001100010 (base 2) to base 12.
10302a
222212110101 (base 3) to base 5
113410414
Convert 89964 (base 10) to base 4.
111331230
Convert 23746a9 (base 11) to base 3.
21210002001121
Convert 11003343 (base 7) to base 3.
1202212201200
What is 219d9 (base 14) in base 6?
1425243
What is -114630463 (base 7) in base 13?
-163c381
806d0 (base 15) to base 7
3312156
Convert -1317733 (base 8) to base 5.
-43243403
-a846c (base 13) to base 16
-4a350
What is 730f0 (base 16) in base 4?
1303003300
Convert -12750 (base 15) to base 7.
-334041
What is -4004370 (base 8) in base 2?
-100000000100011111000
Convert -35206 (base 14) to base 13.
-46b63
Convert -1057e9 (base 15) to base 8.
-2757474
Convert 1142135 (base 6) to base 10.
60107
-2807aa (base 14) to base 5
-323300443
Convert -63e1b (base 16) to base 6.
-12434015
What is -33e7b (base 15) in base 11?
-103192
What is -2275528 (base 11) in base 3?
-21110221200021
-2201122220212 (base 3) to base 5
-332344143
Convert 2b14 (base 16) to base 14.
403a
-76b00a (base 12) to base 15
-2738dd
-2122012202 (base 3) to base 5
-3130124
What is -11010000011000100011 (base 2) in base 4?
-3100120203
Convert 7042398 (base 10) to base 5.
3300324043
What is -404476 (base 9) in base 7?
-2015160
-b44c61 (base 13) to base 6
-230115442
What is 2274450 (base 8) in base 13?
18977c
Convert 116124525 (base 7) to base 11.
4148808
What is 13bed6 (base 16) in base 10?
1294038
What is 100000111010111100 (base 2) in base 16?
20ebc
-11351020 (base 6) to base 9
-603173
-17651a (base 14) to base 5
-202333304
What is 110110021222 (base 3) in base 16?
3bda7
131342 (base 8) to base 10
45794
-1411340204 (base 5) to base 12
-12677b4
What is 14901132 (base 10) in base 13?
311964c
a8107a (base 11) to base 13
487014
What is 1b208c (base 14) in base 15?
14135c
What is 4142550 (base 6) in base 2?
110000111000100010
13aa7e (base 15) to base 10
947369
What is -13425010 (base 6) in base 16?
-6f01e
What is -332324 (base 7) in base 15?
-124d5
Convert 100100010001011 (base 2) to base 3.
221110211
b376d (base 15) to base 6
20104434
-122122013321 (base 4) to base 10
-6922745
-1001100110011100010011 (base 2) to base 6
-125535351
Convert -94b7f (base 16) to base 2.
-10010100101101111111
4bb71 (base 15) to base 4
323020132
What is 138d22 (base 14) in base 13?
1a9563
Convert 150061 (base 8) to base 2.
1101000000110001
What is -232e7 (base 15) in base 13?
-3bcc8
What is 10010110100000010011111 (base 2) in base 8?
22640237
What is -55b485 (base 15) in base 4?
-33212011112
Convert -75c8d0 (base 14) to base 3.
-21111210100022
What is 240300166 (base 7) in base 8?
70573264
What is -5432122 (base 6) in base 11?
-173a12
Convert 6b3d7 (base 16) to base 9.
738481
What is -1336545 (base 10) in base 8?
-5062341
What is 1a1619 (base 12) in base 16?
70035
Convert 1b43411 (base 12) to base 7.
100254115
What is -10363501 (base 7) in base 5?
-211432040
Convert 112341002 (base 5) to base 9.
860301
Convert -381943b (base 12) to base 3.
-202200010022002
Convert 337163 (base 8) to base 11.
78961
Convert -1135446 (base 7) to base 9.
-237880
Convert -3605453 (base 7) to base 2.
-1101111010000111010
-264871 (base 14) to base 6
-44133255
4000332 (base 5) to base 4
33102000
What is 20a6f (base 16) in base 13?
48b4c
-1000021123 (base 4) to base 9
-440371
What is 13629a (base 11) in base 10?
213311
Convert -110000101001000001 (base 2) to base 4.
-300221001
What is -8704b6 (base 16) in base 15?
-b9bbe6
1b653 (base 15) to base 2
10101110001011010
What is -11a60 (base 14) in base 8?
-124304
What is -1011212100 (base 3) in base 14?
-8673
What is -26606 (base 11) in base 13?
-143b1
707646 (base 12) to base 9
3264160
What is 62001 (base 13) in base 7?
1331265
What is 77a2882 (base 11) in base 8?
64133516
1314423 (base 5) to base 3
1022222210
1224120 (base 6) to base 11
45409
What is eb522c (base 15) in base 14?
16b98c4
Convert 10965 (base 13) to base 10.
30165
-1111110001111010101110 (base 2) to base 12
-1475a66
What is 528a9 (base 16) in base 4?
1102202221
-592664 (base 10) to base 11
-375306
1087178 (base 9) to base 15
b988e
206166 (base 10) to base 3
101110210210
Convert 321012241 (base 5) to base 9.
2468516
What is -1035784 (base 9) in base 2?
-10000111100110010100
Convert -21212010101211 (base 3) to base 8.
-17732653
-10100111101110011100 (base 2) to base 10
-687004
Convert a16c31 (base 14) to base 10.
5435515
-110122020111 (base 3) to base 13
-892c9
What is 16b872 (base 15) in base 8?
4150515
Convert -c402 (base 15) to base 3.
-2002210102
Convert 58836 (base 10) to base 7.
333351
What is b21780 (base 12) in base 15?
39e206
-1658885 (base 9) to base 2
-11100001110110101001
Convert 645444 (base 7) to base 14.
2cd5b
-4e45a (base 16) to base 14
-84ba2
2b98858 (base 13) to base 2
110101011101010111000011
Convert 36c694 (base 15) to base 3.
11221022021011
Convert 10111010110100 (